{"id":419,"date":"2023-10-11T02:00:32","date_gmt":"2023-10-11T02:00:32","guid":{"rendered":"https:\/\/nailympia.asia\/?page_id=419"},"modified":"2023-10-28T18:12:18","modified_gmt":"2023-10-28T18:12:18","slug":"cap-do-du-thi","status":"publish","type":"page","link":"https:\/\/nailympia.asia\/index.php\/nailympia-vietnam-2024\/cuoc-thi-nailympia-2024\/cap-do-du-thi\/","title":{"rendered":"C\u1ea5p \u0111\u1ed9 d\u1ef1 thi"},"content":{"rendered":"\n<div class=\"wp-block-group is-layout-constrained wp-container-core-group-layout-1 wp-block-group-is-layout-constrained\">\n<p><strong>B\u1ea0N THU\u1ed8C C\u1ea4P B\u1eacC- C\u1ea4P H\u1ea0NG N\u00c0O?<\/strong><\/p>\n\n\n\n<p><strong>Division 1 \u2013 Novice (c\u01a1 b\u1ea3n)<\/strong>: D\u00e0nh cho k\u1ef9 thu\u1eadt vi\u00ean l\u00e0m m\u00f3ng ch\u01b0a t\u1eebng tham gia b\u1ea5t k\u1ef3 cu\u1ed9c thi l\u00e0m<br>m\u00f3ng n\u00e0o \u0111\u01b0\u1ee3c c\u00f4ng nh\u1eadn tr\u00ean to\u00e0n th\u1ebf gi\u1edbi. Gi\u00e1o vi\u00ean ho\u1eb7c h\u01b0\u1edbng d\u1eabn vi\u00ean KH\u00d4NG \u0111\u01b0\u1ee3c tham gia v\u00e0o<br>h\u1ea1ng m\u1ee5c n\u00e0y. Tuy nhi\u00ean, Nailympia s\u1ebd ch\u1ea5p nh\u1eadn \u0111\u0103ng k\u00fd \u1edf Division 1 n\u1ebfu c\u00e1c th\u00ed sinh ch\u01b0a tham gia<br>h\u01a1n 2 cu\u1ed9c thi l\u00e0m m\u00f3ng qu\u1ed1c gia trong v\u00f2ng 12 th\u00e1ng tr\u01b0\u1edbc khi tham gia Nailympia.<\/p>\n\n\n\n<p><br><strong>Division 2 \u2013 Apprentice (c\u1ea5p trung )<\/strong>: D\u00e0nh cho k\u1ef9 thu\u1eadt vi\u00ean l\u00e0m m\u00f3ng \u0111\u00e3 tham gia thi \u0111\u1ea5u, nh\u01b0ng<br>ch\u01b0a t\u1eebng gi\u00e0nh chi\u1ebfn th\u1eafng trong b\u1ea5t k\u1ef3 cu\u1ed9c thi l\u00e0m m\u00f3ng n\u00e0o \u0111\u01b0\u1ee3c c\u00f4ng nh\u1eadn tr\u00ean to\u00e0n th\u1ebf gi\u1edbi. H\u1ecd c\u00f3<br>th\u1ec3 \u0111\u00e3 \u0111\u1ea1t v\u1ecb tr\u00ed \u1edf h\u1ea1ng 2 ho\u1eb7c th\u1ea5p h\u01a1n. T\u1ea5t c\u1ea3 c\u00e1c gi\u00e1o vi\u00ean ph\u1ea3i tham gia \u1edf m\u1ee9c n\u00e0y tr\u1eeb khi h\u1ecd quy\u1ebft<br>\u0111\u1ecbnh tham gia v\u00e0o h\u1ea1ng Masters &#8211; Division 3.<\/p>\n\n\n\n<p><br><strong>Division 3 \u2013 Master (Chuy\u00ean gia- c\u1ea5p cao)<\/strong>: Nh\u1eefng ng\u01b0\u1eddi tham gia h\u1ea1ng n\u00e0y l\u00e0 nh\u1eefng ng\u01b0\u1eddi \u0111\u00e3 gi\u00e0nh<br>chi\u1ebfn th\u1eafng trong m\u1ed9t gi\u1ea3i th\u1ebf gi\u1edbi, \u0111\u1ee9ng \u0111\u1ea7u trong m\u1ed9t cu\u1ed9c thi l\u00e0m m\u00f3ng \u0111\u01b0\u1ee3c c\u00f4ng nh\u1eadn d\u01b0\u1edbi b\u1ea5t k\u1ef3<br>h\u00ecnh th\u1ee9c n\u00e0o, ho\u1eb7c \u0111\u01b0\u1ee3c x\u1ebfp h\u1ea1ng l\u00e0 c\u00e1c k\u1ef9 thu\u1eadt vi\u00ean h\u00e0ng \u0111\u1ea7u.<br>M\u1ed7i c\u1ea5p b\u1eadc, c\u1ea5p h\u1ea1ng c\u00f3 c\u00e1c ti\u00eau ch\u00ed \u0111\u1ed9i ng\u0169 ri\u00eang d\u1ef1a tr\u00ean kinh nghi\u1ec7m v\u00e0 th\u00e0nh t\u1ef1u trong cu\u1ed9c thi.<\/p>\n<\/div>\n","protected":false},"excerpt":{"rendered":"<p>B\u1ea0N THU\u1ed8C C\u1ea4P B\u1eacC- C\u1ea4P H\u1ea0NG N\u00c0O? Division 1 \u2013 Novice (c\u01a1 b\u1ea3n): D\u00e0nh cho k\u1ef9 thu\u1eadt vi\u00ean l\u00e0m m\u00f3ng ch\u01b0a t\u1eebng tham gia b\u1ea5t k\u1ef3 cu\u1ed9c thi l\u00e0mm\u00f3ng n\u00e0o \u0111\u01b0\u1ee3c c\u00f4ng nh\u1eadn tr\u00ean to\u00e0n th\u1ebf gi\u1edbi. Gi\u00e1o vi\u00ean ho\u1eb7c h\u01b0\u1edbng d\u1eabn vi\u00ean KH\u00d4NG \u0111\u01b0\u1ee3c tham gia v\u00e0oh\u1ea1ng m\u1ee5c n\u00e0y. Tuy nhi\u00ean, Nailympia s\u1ebd ch\u1ea5p [&hellip;]<\/p>\n","protected":false},"author":1,"featured_media":0,"parent":140,"menu_order":3,"comment_status":"closed","ping_status":"closed","template":"wp-custom-template-main-pages","meta":{"footnotes":""},"featured_image_urls":{"full":"","thumbnail":"","medium":"","medium_large":"","large":"","gs-tiny":"","xl":"","xxl":"","xxxl":"","xxxxl":"","xxxxxl":"","1536x1536":"","2048x2048":""},"post_excerpt_stackable":"<p>B\u1ea0N THU\u1ed8C C\u1ea4P B\u1eacC- C\u1ea4P H\u1ea0NG N\u00c0O? Division 1 \u2013 Novice (c\u01a1 b\u1ea3n): D\u00e0nh cho k\u1ef9 thu\u1eadt vi\u00ean l\u00e0m m\u00f3ng ch\u01b0a t\u1eebng tham gia b\u1ea5t k\u1ef3 cu\u1ed9c thi l\u00e0mm\u00f3ng n\u00e0o \u0111\u01b0\u1ee3c c\u00f4ng nh\u1eadn tr\u00ean to\u00e0n th\u1ebf gi\u1edbi. Gi\u00e1o vi\u00ean ho\u1eb7c h\u01b0\u1edbng d\u1eabn vi\u00ean KH\u00d4NG \u0111\u01b0\u1ee3c tham gia v\u00e0oh\u1ea1ng m\u1ee5c n\u00e0y. Tuy nhi\u00ean, Nailympia s\u1ebd ch\u1ea5p nh\u1eadn \u0111\u0103ng k\u00fd \u1edf Division 1 n\u1ebfu c\u00e1c th\u00ed sinh ch\u01b0a tham giah\u01a1n 2 cu\u1ed9c thi l\u00e0m m\u00f3ng qu\u1ed1c gia trong v\u00f2ng 12 th\u00e1ng tr\u01b0\u1edbc khi tham gia Nailympia. Division 2 \u2013 Apprentice (c\u1ea5p trung ): D\u00e0nh cho k\u1ef9 thu\u1eadt vi\u00ean l\u00e0m m\u00f3ng \u0111\u00e3 tham&hellip;<\/p>\n","category_list":"","author_info":{"name":"anhnguyen","url":"https:\/\/nailympia.asia\/index.php\/author\/anhnguyen\/"},"comments_num":"0 comments","aioseo_notices":[],"_links":{"self":[{"href":"https:\/\/nailympia.asia\/index.php\/wp-json\/wp\/v2\/pages\/419"}],"collection":[{"href":"https:\/\/nailympia.asia\/index.php\/wp-json\/wp\/v2\/pages"}],"about":[{"href":"https:\/\/nailympia.asia\/index.php\/wp-json\/wp\/v2\/types\/page"}],"author":[{"embeddable":true,"href":"https:\/\/nailympia.asia\/index.php\/wp-json\/wp\/v2\/users\/1"}],"replies":[{"embeddable":true,"href":"https:\/\/nailympia.asia\/index.php\/wp-json\/wp\/v2\/comments?post=419"}],"version-history":[{"count":0,"href":"https:\/\/nailympia.asia\/index.php\/wp-json\/wp\/v2\/pages\/419\/revisions"}],"up":[{"embeddable":true,"href":"https:\/\/nailympia.asia\/index.php\/wp-json\/wp\/v2\/pages\/140"}],"wp:attachment":[{"href":"https:\/\/nailympia.asia\/index.php\/wp-json\/wp\/v2\/media?parent=419"}],"curies":[{"name":"wp","href":"https:\/\/api.w.org\/{rel}","templated":true}]}}